 20. List the prime factors of i(-31).
11, 13, 19
Let t(s) = -280*s - 6213. List the prime factors of t(-28).
1627
What are the prime factors of 16/(-28) - (-153976)/56 - 2?
41, 67
Let m(s) = s**3 + 174*s**2 - 633*s - 2172. What are the prime factors of m(-176)?
2, 11821
Suppose 554 = 2*l - 220. Let j = l + 225. What are the prime factors of j?
2, 3, 17
Let k = -1088 - -500. Let a = 899 + k. List the prime factors of a.
311
Suppose 4*d - 9 = -1. Suppose 0 = -m + 3*q + 1, 2*m = -d*m + 4*q + 4. Suppose -3*z + 147 = -4*j, j - 2 - m = 0. What are the prime factors of z?
53
Let z(l) = -2188*l + 105. What are the prime factors of z(-2)?
4481
Let p be (-20)/(-3)*(-54)/12. List the prime factors of 124/(-8)*p/5.
3, 31
Let n(v) = v**3 + 7*v**2 - 2*v - 6. Let d = -35 + 30. Let w be n(d). Suppose -26*y + 28*y = w. What are the prime factors of y?
3
Let o = 125 + -175. Let l = 89 - o. What are the prime factors of l?
139
Let k(r) = 816*r**2 - 1629*r**2 - 100 + 817*r**2. List the prime factors of k(-10).
2, 3, 5
Suppose -7*o - 33*o + 457080 = 0. What are the prime factors of o?
3, 13, 293
Let s(c) = -3*c**3 - 2*c**2 + 13*c + 7. Let x = 2 + -1. Let p(d) = -d**3 + d**2 + d - 1. Let b(g) = x*s(g) - 2*p(g). List the prime factors of b(-7).
79
Suppose -2*m + 661 = -1867. Suppose -3*p - p = -5*l - m, 2*p - 632 = -4*l. Suppose p - 1117 = -9*y. What are the prime factors of y?
89
Let z = -2667 + 6819. What are the prime factors of z?
2, 3, 173
Suppose -4*y + 4*f = 3*f - 12057, 12 = 4*f. List the prime factors of y.
3, 5, 67
Let c(n) = 9*n**2 + 3. Let y be c(3). Let v = y + -36. What are the prime factors of v/(-36)*198/(-4)?
2, 3, 11
Let n = 66 - 79. Let s be (-1 + n)/(0 - 1 - -2). What are the prime factors of (-39)/(-2) - (-5 + -2)/s?
19
Let t = 22443 + -14518. List the prime factors of t.
5, 317
Suppose 2*n - a - 21 = 0, -a = -n - 0 + 8. Let t be 8/(-12)*6 - (0 + -110). Let c = n + t. What are the prime factors of c?
7, 17
Let d(z) = z**2 + 18*z - 141. Let x be (12/(-8))/((-11)/242). What are the prime factors of d(x)?
2, 3, 257
List the prime factors of 12113 + -12 - (-9)/(54/(-12)).
3, 37, 109
Suppose 0 = 48*s - 56*s + 192. Suppose -10*i = -s*i + 18382. List the prime factors of i.
13, 101
Let x(w) = -w**2 + w. Let n be x(1). Suppose 2*d = -4, n = -5*l - 5*d + 2713 + 1567. List the prime factors of l.
2, 3, 11, 13
Suppose -2*g - g + 4*q = -157, 3*g - 2*q = 149. Let z = 52 - g. Suppose -z*u - 67 = -3*n - 0*n, -89 = -5*n - 3*u. What are the prime factors of n?
19
Let k = 7963 - 823. List the prime factors of k.
2, 3, 5, 7, 17
Let c be -2*(-1)/(-6)*-18. Suppose -f = -5*o + 26, -o - 3*f = -c*o + 28. Suppose -526 = -o*j - 96. What are the prime factors of j?
2, 43
Suppose 12*s = 7*s - 1610. Let t = s + 645. List the prime factors of t.
17, 19
What are the prime factors of 7 - (-7 - 4*14/(-6))*-5892?
3, 5, 7, 131
Let i = -4656 + 14192. What are the prime factors of i?
2, 149
Let b = 37 - 32. Suppose -55 = -b*y - 35. Suppose 0 = f - y*f + 285. What are the prime factors of f?
5, 19
Suppose 13*l - 8*l = 3*r - 22, -4*r + 6 = -2*l. Let c(m) = -206*m**3 - m**2 + 2*m + 2. What are the prime factors of c(r)?
5, 41
Let t = 14322 - 7661. List the prime factors of t.
6661
Suppose -74679 = -s - 8*a - 30866, 3*a = -s + 43833. List the prime factors of s.
3, 5, 37, 79
What are the prime factors of (1 - -12)/(117/14976)?
2, 13
Let a(t) be the second derivative of 25*t**5/12 - t**4/24 - t**3/6 - 13*t**2 - 22*t. Let h(n) be the first derivative of a(n). List the prime factors of h(-1).
5
Suppose 175750 = 5*o + 496*a - 498*a, -2*o + 5*a = -70321. What are the prime factors of o?
2, 3, 29, 101
Suppose -115486 = 53*r - 82*r + 942927. List the prime factors of r.
36497
Suppose -3*q - 111 = -6*q. Let b(z) = 2*z + 69 + 2*z - 3*z + q. What are the prime factors of b(0)?
2, 53
Suppose 3*o = 5*v + 21681, 5*o - v = 2*v + 36167. List the prime factors of o.
7237
Let r be (-8 + 3)/((-3)/30). Suppose 3*d = -2*q - 51, 0 = 4*q - 2*q + 2*d + r. List the prime factors of (-1668)/q + 1/2.
2, 5, 7
What are the prime factors of 250835/4 + -4 - 57/(-228)?
5, 12541
Let w(c) = 199*c**2 - 207*c - 418. What are the prime factors of w(-2)?
2, 3, 11
Let c be 124/30 - (-4 + 372/90). Suppose -s = c*s - 25. Suppose 0 = s*o - 863 + 318. What are the prime factors of o?
109
Suppose t - 3*l - 56936 = 0, -359*t + 3*l - 170784 = -362*t. List the prime factors of t.
2, 5, 5693
Let x be -4 - (1 - 3)/((-5)/(-10)). List the prime factors of (-1 + x - (-10)/5)*987.
3, 7, 47
Let b = -3904 + 29365. List the prime factors of b.
3, 23, 41
Let u(w) be the first derivative of 7*w**4/4 - 4*w**3/3 + 7*w**2/2 + w + 50. What are the prime factors of u(3)?
5, 7
Suppose 0 = -0*o + 32*o - 128. Suppose 19*y + 4*u = 15*y + 1792, -5*u = -o*y + 1783. List the prime factors of y.
3, 149
Let y be (2 + 4/2)*(-3542)/(-28). Suppose -53 = 3*k - 2*q - 429, -4*k - 2*q + y = 0. Let n = k + -60. What are the prime factors of n?
2, 3, 11
Let m be -1*10 + (-22)/11. What are the prime factors of m*((-2 + -2 - -4) + -39)?
2, 3, 13
Suppose 170*o - 165*o = 0, -p = 2*o - 13994. List the prime factors of p.
2, 6997
Suppose 82 = 5*n - 33. Suppose r - n - 7 = 0. What are the prime factors of ((-1810)/r)/(1/(-3))?
181
Let m = -255 + 723. Suppose 4*d - m = -4*f, -2*d - 6*f = -2*f - 234. List the prime factors of d.
3, 13
Suppose j - 2*d = 6, -5*j + 6*d = 3*d - 2. Let p be (9/(-6) + 1)/(j/16). Suppose -p*w + 108 = s, -7*w - 5*s + 108 = -3*w. What are the prime factors of w?
3
Suppose -2521 = -8*v + 4*v + 5*a, 0 = -2*v + 5*a + 1263. Suppose 8*c - 2387 = v. List the prime factors of c.
13, 29
Suppose -5*j = -4*g + 151, 6*g - 3*g + 5*j - 122 = 0. Suppose 0 = g*q - 11*q - 15540. List the prime factors of q.
3, 5, 37
Let l be -162*((-5)/(-2) + -1)/(-1). Suppose 5*m - 3*m - 123 = -x, 4*m - l = x. Suppose 0 = -4*t + 377 - m. List the prime factors of t.
79
Let f(x) = x**2 + x + 195. Suppose 0 = -33*o + 28*o. Suppose o = -21*b + 18*b. List the prime factors of f(b).
3, 5, 13
Let u = -16721 - -32849. List the prime factors of u.
2, 3, 7
Suppose 4*x = -3*o + 37, -4*x - 5 = -21. Let i(s) = s**3 + 2*s**2 + 8*s - 17. List the prime factors of i(o).
2, 3, 5
Let c = 361 - 28. Suppose 2*j + 34*m - 29*m - 372 = 0, 0 = -j + m + 186. Let s = c - j. What are the prime factors of s?
3, 7
Suppose -14*i - 11*i + 105293 + 238257 = 0. List the prime factors of i.
2, 6871
Let v(i) = -30*i + 156. Let d be v(-12). Let b = 883 - d. List the prime factors of b.
367
Let x = 357 - 717. Let t be 4/34 - x/(-170). Let b(z) = -z**3 + 3. What are the prime factors of b(t)?
11
Suppose 0 = -9*f - 0*f + 72. Suppose 2*u - f = 0, -4*u + 2 = -3*r - 2. What are the prime factors of ((-4)/(-6))/(r/2124*3)?
2, 59
Let u = -20 - 2. Let i be 2/(-3)*4191/u. Suppose 4*j + 4*d - 188 = 0, 0*d + 4*d = 3*j - i. What are the prime factors of j?
3, 5
Let r = -13103 - -31760. What are the prime factors of r?
3, 691
Let k(a) = -6*a**2 + 10*a - 61. Let s(g) = -2*g. Let n(o) = -k(o) + 2*s(o). List the prime factors of n(8).
3, 37
Suppose -2*v - j + 409 = 0, 0*j - 3*j = -4*v + 813. What are the prime factors of (-29)/(-2*6/v)?
17, 29
Let m be (10/(-6))/(3/(-9)). Let y(r) = r - 19. Let u be y(m). What are the prime factors of (-280)/(-49) + -6 - 690/u?
7
Let p(u) = -626*u - 765. What are the prime factors of p(-21)?
3, 4127
List the prime factors of (1 - (-9)/(-15)) + (-2298660)/(-100).
127, 181
Suppose 27*d - 4 = 25*d. Suppose 2*s - 5*t = 21, -3*s - d*t - 21 = t. List the prime factors of s/11 + 3678/22.
167
Let w = -37 - -45. Suppose m - c - w = -3*c, -3*c = -m - 12. Suppose -5*z - 3*b + 313 = 0, m*b = -5*z - b + 321. List the prime factors of z.
5, 13
Suppose -35*w + 12*w = -10*w - 39897. What are the prime factors of w?
3, 11, 31
Let u(x) = x**2 - 26*x + 85. Let g be u(4). What are the prime factors of g*(-20)/(-12) + 715?
2, 5, 71
Let i(n) = 51*n**2 - 108*n - 10. What are the prime factors of i(10)?
2, 5, 401
Suppose -3*j = -4*n + 4657, 3711 + 2113 = 5*n - j. Suppose -3*l + n = m, 605 = 4*m - 3*l - 4010. List the prime factors of m/10 + (8/10)/2.
2, 29
Let j(n) be the second derivative of 2*n**3/3 - 21*n**2/2 + 2*n + 38. Suppose -3*c + 49 = -2*d, 5*c - 3*d - 53 = 29. What are the prime factors of j(c)?
47
Suppo